a(n) = 22*n**2 + n. Let z be (-1)/(1 + 2 - 2). Suppose -3*r = -r - 122. What is the remainder when r is divided by a(z)?
19
What is the remainder when 12/28 - 193/(-7) is divided by 10?
8
Let d(r) be the first derivative of 2 + 10/3*r**3 + 1/2*r**2 + 13*r - 1/4*r**4. What is the remainder when d(10) is divided by 8?
7
Let u(b) = -3*b. Suppose -5*k = 5*o + 20, -19 = o + 4*o + 4*k. Calculate the remainder when u(o) is divided by 6.
3
Suppose 0 = 3*q + q - 8. What is the remainder when 37 is divided by q/(-12)*4*-15?
7
Let m be 4 - 4/(8/2). Suppose 5*r = -m*t + 290, -4*r - 5*t = r - 290. Calculate the remainder when r is divided by 12.
10
Let p = 9 + -20. Let h = p - -28. Calculate the remainder when h is divided by 9.
8
Suppose -20 = 6*t - 11*t. Suppose 0 = t*w + 4*z - 72, -11 = -2*w + z + 10. Calculate the remainder when w is divided by 8.
5
Let x be 1*(0 + 1)*9. Let z = -2 + x. Let w = -7 + 10. Calculate the remainder when z is divided by w.
1
Let k be 4/12 - 2/6. Calculate the remainder when (-4)/4 + (k - -66) is divided by 22.
21
Let r(k) = k + 10. Let u be r(3). Suppose 0 = -s - 2*l + u, -2*s + 0*l + 24 = 3*l. What is the remainder when 25 is divided by s?
7
Let d = 4 - -10. Let w(c) = c**2 + 2*c + 3. Suppose -3*h = -h + 5*n + 7, 0 = 2*h + 4*n + 8. Calculate the remainder when w(h) is divided by d.
13
Suppose -5 = -b - 2*g, -g - 1 = -3*b - 7. Let q(k) = -47*k - 1. Calculate the remainder when q(b) is divided by 12.
10
Suppose 8*t - 55 = 3*t - n, 2*t - 2*n = 10. Let w = 32 - 5. Calculate the remainder when w is divided by t.
7
Suppose 138 = v + 5*v. Let d = 13 - 7. What is the remainder when v is divided by d?
5
Suppose -4*k + 22 + 10 = 0. What is the remainder when 12 is divided by k?
4
Let a(s) = s**2 - s + 3. Let x = 3 + 1. Let l be a(x). Suppose 0 = w + 6 - l. Calculate the remainder when 25 is divided by w.
7
Let h(u) = u**3 + 3*u**2 - 4*u - 4. Suppose -4*w + 3*f + 48 = 0, 5*w - 27 = -2*f + 56. What is the remainder when w is divided by h(-3)?
7
Suppose 335 = 5*d - 605. Let w(q) = q**3 - 8*q**2 + 3. Let u be w(8). Suppose 3*f = -12, 4*y - d = -2*f - u*f. Calculate the remainder when y is divided by 18.
16
Suppose -28 - 5 = -3*u. What is the remainder when u is divided by -21*(-4 + (-26)/(-7))?
5
Suppose -5*m + 5*r = 140, 2*m + 52 = 3*r + r. Let q = -11 - m. What is the remainder when 75 is divided by q?
18
Suppose 0 = -b + 3*b - 36. What is the remainder when b is divided by 12?
6
Suppose 186 = 16*f - 13*f. Calculate the remainder when f is divided by 9.
8
Let s = -15 - -11. Let f = 1 - s. Calculate the remainder when 69/f + (-4)/(-20) is divided by 5.
4
Let x(d) = d**3 + 7*d**2 + 8*d + 8. Let r be x(-6). Let o = r + 38. What is the remainder when o is divided by 18?
16
Let m be (-1)/(-2)*-1*-2. Let j be 0/(m/(2/(-4))). Let x(d) = -d + 5. What is the remainder when 14 is divided by x(j)?
4
What is the remainder when ((-22)/(-4))/((-3)/(-42)) is divided by -2 - (-4 + 6) - -24?
17
Suppose m = -2*k + 36, k - 88 = -4*m + 28. What is the remainder when m is divided by 10?
8
Suppose -t - 13 = -5*k, 3*k + 5*t = -k - 7. Suppose k*n = 5*n - 6. Suppose 18 = n*y - y. What is the remainder when 52 is divided by y?
16
Let b(n) = 2*n + 24. Calculate the remainder when b(14) is divided by 27.
25
Let c be (1/1)/(1/5). Let r(j) = 2*j**2 - 7*j. Let p = -67 - -110. What is the remainder when p is divided by r(c)?
13
Suppose 3*t + d = 3*d - 10, 3*t = 5*d - 25. Suppose t = o - 16 + 6. Calculate the remainder when o is divided by -2 + (0 + 1)*6.
2
Calculate the remainder when (6/(-9))/((-22)/33) is divided by (-2)/(-4)*(-1 + 3).
0
Let m be -5*3/(-6)*2. Let z(w) = 3*w - 1. Calculate the remainder when z(m) is divided by 5.
4
Suppose 5*q - 35 = -2*g, 4*q - 61 = -0*q + 5*g. What is the remainder when 24 is divided by q?
6
Suppose 0 = 2*w - 4*w + 22. Let k = -7 + w. Suppose -3*p = -15, k*p = -4*y + 112 - 4. Calculate the remainder when y is divided by 12.
10
Let o = -44 - -64. Suppose 8 = -4*v + 4*z, 3*v - o = -2*v - z. Suppose c + 2*r = 10, r + 16 = -v*c + 6*c. What is the remainder when c is divided by 4?
2
Let z = 27 - 15. Suppose 2*n = 28 - z. Calculate the remainder when 31 is divided by n.
7
Let g(d) = 2*d**2 + 2*d + 7. Suppose 1 + 2 = 3*o. Let k(a) = 1. Let m(r) = o*g(r) - 3*k(r). What is the remainder when m(-3) is divided by 6?
4
Suppose a = 3*k - 6, -5*a - 2*k = 10 - 31. Suppose x + 34 = 4*l, 0*l + 5*l - 50 = 5*x. Calculate the remainder when l is divided by a.
2
Suppose -5*x + 3*q = -0*q - 328, -2*q = 2*x - 128. Calculate the remainder when x is divided by 17.
14
Let q = 8 - -15. Calculate the remainder when q is divided by (15/(-2))/3*16/(-5).
7
Let s be 204/48 + (-3)/(-4). Suppose -3*b + 81 = -5*o, 0*b - s*o - 27 = -b. Calculate the remainder when b is divided by 10.
7
Let l = 4 - -6. Let n be (l/10)/(-1 + 0). Let t = 10 + n. What is the remainder when 26 is divided by t?
8
Let t = 0 + 0. Suppose t = -7*j + 3*j - 36. Calculate the remainder when 2 is divided by (-1)/(-4) - j/12.
0
Let j(r) = r + 11. Suppose -2*u - 4*s = -0*s - 16, -27 = -5*u + 3*s. Let n be (9*1)/(u - 7). What is the remainder when 3 is divided by j(n)?
1
Suppose 9*u = 10*u - 41. Suppose -2*j = -0*j - 22. Suppose x + j - 25 = 0. Calculate the remainder when u is divided by x.
13
Calculate the remainder when 45 is divided by (-28)/9*9/(-2).
3
Let x(j) = -j**3 + 10*j**2 + j - 6. Let p(u) = -u + 2. Let v be p(-8). What is the remainder when -11*(-3 - -1)/2 is divided by x(v)?
3
Let r(v) = -v - 11. Let a(t) = t**2 + 3*t. Let b be a(-6). Suppose 38 = 4*d - b. What is the remainder when d is divided by r(-19)?
6
Let p(k) = -k**3 + k**2 + k - 4. Let b be p(0). Let g be (b - -6)/((-1)/(-20)). Let u = g - 26. Calculate the remainder when u is divided by 8.
6
Suppose 2 + 4 = 3*o. What is the remainder when o is divided by 1?
0
Let a(k) = k**2 + 2*k + 3. What is the remainder when (-8)/(-60) + 665/75 is divided by a(-2)?
0
Suppose 6 = 3*o, 4*o - 13 = -2*f + f. Suppose -64 = -3*j + 3*m + 2*m, -f*j + 4*m = -98. What is the remainder when j is divided by 10?
8
Suppose 237 = -3*l + 7*l + w, 4*l - 239 = -3*w. Let k = -42 + l. Calculate the remainder when k is divided by -15*(2 + 40/(-15)).
7
Let u(w) = -12*w - 1. Calculate the remainder when 32 is divided by u(-1).
10
Let g(x) = 6 - 6*x - 3*x + 5*x. Calculate the remainder when g(-11) is divided by 26.
24
Suppose d + 2*d - 60 = 0. Suppose -2*n = -j - 1, -j + 13 + 10 = 4*n. What is the remainder when d is divided by j?
6
Let u(g) = -g**3 + g**2 + 4*g - 4. Let o be u(2). Calculate the remainder when 2/((-1)/(17/(-2))) is divided by (7 + (o - 2))*1.
2
Let d(f) = -f**2 - 15*f + 4. Let x be d(-15). Calculate the remainder when (-2 + 3)/((-1)/(-22)) is divided by (-770)/(-65) + x/26.
10
Suppose 0*c - 6*c + 72 = 0. Calculate the remainder when 46 is divided by c.
10
Let i(b) = -b. Let g(y) = y**3 - 13*y**2 - y + 4. Let v be g(13). Let p = 34 - 17. What is the remainder when p is divided by i(v)?
8
Let s(x) = x**2 + 5. What is the remainder when 81 is divided by s(4)?
18
Let o be (-3 + 4)/((-1)/11). Let f = -8 - o. Suppose -y - 21 = -3*n - 4*y, 2*y + 11 = f*n. Calculate the remainder when n is divided by 2.
1
Suppose -5*y = -2*y - 6. Suppose 18 = y*z - 0*z - 2*u, 3*z = 2*u + 24. Suppose -l - 85 = -z*l. Calculate the remainder when l is divided by 6.
5
Let k(q) = 3 + 3*q + q**3 - 4 - 5*q. Let a be k(2). Suppose -a*i = -5*c - 24, -5*c - 6 = -3*i + 6*i. Calculate the remainder when 4 is divided by i.
1
Let i = -58 - -81. What is the remainder when 90 is divided by i?
21
Suppose -3*q + 4*q - 5*l = 23, -q - 3*l = 9. Suppose -d = 4 + q. Let y = 20 + d. Calculate the remainder when 24 is divided by y.
11
Let m(j) = 18*j - 5. Let y be m(-4). Let c = -42 - y. Let u = 9 + c. Calculate the remainder when u is divided by 15.
14
Let x = 3 + 2. Suppose -3*n = 12, -x*v = 3*n - 61 - 107. Suppose 0 = -3*k + f + v, f + 2*f + 42 = 3*k. What is the remainder when k is divided by 4?
3
Suppose -5*c + 2*f = 27 - 116, -2*f + 63 = 3*c. Suppose 120 = 4*r + r. Let h = -14 + r. What is the remainder when c is divided by h?
9
Suppose z = -z, 2*r + 2*z = 34. What is the remainder when 12/(-42) + (-19)/7 + 53 is divided by r?
16
Suppose 2*h = -2*h + 20. Let v be (22/(-55))/(2/(-10)